 of m and c.
15
Suppose -n + 2*u = 0, -5*u = 5*n - 2*u - 26. Suppose n*q = 2*q - 3*o - 9, -3*o = 9. Suppose 3*c - 15 = -q*c. What is the highest common factor of c and 40?
5
Suppose 16*p = 12*p + 468. Suppose 26 = -0*h + 2*h. What is the greatest common divisor of p and h?
13
Let w = -24 + 46. Let g be -1 - -2 - (0 + 67). Let b be g/4*(-1 + -1). Calculate the highest common factor of w and b.
11
Let d = -16 - -112. Calculate the highest common divisor of 24 and d.
24
Suppose 5*a - 4 = -i - 0, 0 = 4*i + a - 16. Calculate the highest common divisor of i and 44.
4
Let q be (-1197)/(-42) - (-3)/2. Calculate the highest common divisor of q and 105.
15
Suppose -5*c - 536 = -3*i - 4*c, c = i - 176. Suppose 14 + 26 = 2*v. Calculate the highest common factor of v and i.
20
Suppose -2*g + 420 = 3*g. Suppose -5*s + 21 = -4. Suppose 3*y - s = 58. Calculate the greatest common factor of g and y.
21
Let u(o) = 14*o. Let a(s) = 4*s. Let d be a(1). Let w be u(d). What is the highest common divisor of 7 and w?
7
Let a = 55 + -122. Let k = a - -221. Calculate the greatest common divisor of k and 14.
14
Suppose -4*w = -5*p - 177, -7*w = -2*w + 3*p - 249. Calculate the highest common divisor of w and 24.
24
Suppose 2*d + 2*k + 2*k + 12 = 0, 3*d - 26 = 5*k. Let i = d - -2. Calculate the greatest common divisor of 4 and i.
4
Let s = -4 - -4. Suppose -2*l + 5*x = -43, -2*l + s*x = -3*x - 37. What is the greatest common factor of l and 35?
7
Suppose 0*v - 14 = -7*v. Let z = 15 - -39. Let s be (-4)/(-8) - z/(-4). Calculate the highest common divisor of s and v.
2
Let d = -68 + 131. Suppose -35 = -5*g - 5*q, 2*g + 8*q - 11*q - 24 = 0. Calculate the highest common factor of d and g.
9
Suppose -i + 21 = 5*t, 0 = i + 3*i + 2*t - 66. What is the greatest common divisor of 32 and i?
16
Suppose -5*r + 2 = -5*o - 3, -32 = -4*r - 3*o. What is the highest common divisor of r and 55?
5
Suppose -w + 320 = w + 5*i, 4*i = -8. What is the highest common factor of w and 15?
15
Let n = 83 - 66. Let x be 1*(1 + 0 - 2). Let l be (-5 - 0)/(x/n). What is the highest common factor of l and 17?
17
Let t = 157 + -262. Let z = 278 - 93. Let s = t + z. Calculate the greatest common divisor of s and 8.
8
Let u(o) = -o**3 + 8*o**2 + 8*o + 12. Let v be u(9). Calculate the greatest common factor of v and 2.
1
Let t(c) = -c**3 + c**2 - 3*c - 2. Let p be t(-2). Suppose -5*x + 28 = -8*s + 5*s, 4*x - p = -4*s. What is the highest common factor of 2 and x?
1
Let q be 1/(2/12*3). Suppose q*l + 9 = 45. Calculate the highest common factor of l and 9.
9
Let o(n) = n + 5. Let v be o(-5). Let k = v + 5. Suppose -k*f + 52 = -18. What is the highest common divisor of f and 98?
14
Let k be 1 - (-7)/(-4) - (-2398)/8. What is the greatest common factor of 23 and k?
23
Let f = 50 + -23. Let q(v) = 10*v**3 + 2*v**2 + 4*v - 3. Let a be q(3). What is the greatest common factor of f and a?
27
Suppose -2*u - 2*n = -434, 4*n = -u + 53 + 155. Calculate the highest common divisor of u and 20.
20
Let p be (-1)/(-2) - 36/(-8). What is the highest common factor of 1 and p?
1
Let t(y) = -y**2 + 7*y - 4. Let x be t(6). Suppose 0 = -p + 5, 0*j - 23 = -x*j - p. What is the highest common factor of 3 and j?
3
Suppose -s + 6*m + 22 = m, -4*m + 142 = 3*s. Suppose h = -2*h + 18. Calculate the highest common factor of h and s.
6
Let s(f) = 0*f**2 - f**3 + f - 12*f**3 - 2*f**2 + 2. Let g be s(-2). Let x = -45 - -57. What is the greatest common factor of g and x?
12
Let w = -3 - -27. What is the highest common factor of 264 and w?
24
Suppose 0 = 2*p - 3*n - 58, n + 87 = 3*p - 3*n. Suppose -5*y = -31 - p. Calculate the highest common divisor of 72 and y.
12
Let j = 57 - -9. What is the highest common divisor of 6 and j?
6
Suppose 0 = 16*z - 17*z - 3. Let g be 154/21 - 2/z. Let m = -20 - -28. What is the highest common divisor of g and m?
8
Suppose -w + 18 = 2*w. Let j = 12 - -12. Calculate the greatest common divisor of j and w.
6
Suppose -h + 4*j = 23, 0 = 3*h - 2*j + 6*j - 11. Let y be h/1 + -1 + 59. What is the greatest common divisor of 5 and y?
5
Let n be 42/(-3) - (-3 - -1). Let q be 36/15*(-200)/n. Let m(b) = -2*b + 4. Let p be m(-3). Calculate the highest common factor of q and p.
10
Let x(h) = h**3 + 2*h**2 - 4*h - 1. Let c be x(-3). Let v = -37 + 38. Calculate the greatest common divisor of c and v.
1
Let y = -17 + 20. Suppose y*k = 4*b + b + 14, -4*b = -20. What is the greatest common factor of k and 39?
13
Let y be (16/4)/(0 + 2). Suppose t = -y*t + 90. Let x be ((-4)/(-3))/(4/t). What is the highest common divisor of x and 20?
10
Let p be 17/7 - 3/7. Suppose p*l - 36 = -2*f, 3*l = -0*l + 4*f + 19. Let i = -112 + 203. What is the highest common divisor of i and l?
13
Let p be 10 - (1/(-2))/((-1)/4). Calculate the greatest common factor of p and 20.
4
Let d be 24/(-5)*540/(-8). Let q = d - 203. Calculate the highest common factor of q and 11.
11
Let n(a) = -a**2 - 10*a - 7. Suppose 3*l = x + 5, x - 4*l = -2*x - 20. Let j be n(x). Let r be (-9)/(-3) + -1 + 1. What is the highest common factor of j and r?
3
Suppose 5*z = -0*z. Suppose 0 = 3*p - 6*j + j - 7, z = -3*p - 4*j + 16. What is the greatest common divisor of p and 4?
4
Let d(c) = c**3 - 11*c**2 - 5*c - 2. Let u be d(11). Let f = -22 - u. What is the greatest common divisor of f and 14?
7
Let z(s) be the second derivative of s**4/12 + 19*s**2 - 2*s. Let r be z(0). Let y = 54 - r. What is the greatest common divisor of y and 2?
2
Let q(n) = -8*n**3 - n**2 - n + 2. Let w be q(-2). Suppose 3*j - 3 - 12 = 0. Let c(y) = 4*y - 4. Let g be c(j). What is the highest common divisor of w and g?
16
Let l = 7 + -5. Suppose -33 = -w - v - 2*v, -2*w = 2*v - 46. Calculate the greatest common factor of l and w.
2
Suppose -28*r = -31*r + 225. What is the greatest common divisor of r and 25?
25
Let h = 6 + -3. Let s be (-10)/(-3)*h*3. Let l be 4*s/4 + -2. Calculate the highest common divisor of l and 4.
4
Let v(l) = -l**2 + 9*l. Let x be v(9). Suppose x = 4*n + 2*r - 76, 5*n = 3*r + 53 + 31. Calculate the greatest common divisor of 12 and n.
6
Let s = 44 + -16. Calculate the highest common divisor of 308 and s.
28
Suppose 5*g = y - 1, -2*g = 2*y + 2*y - 70. Suppose 7*i = 3*i + y. Let d = 17 + 7. Calculate the greatest common factor of i and d.
4
Let u(f) = -1 - 3 + f + 4 + 5. Let y be u(5). What is the greatest common divisor of 15 and y?
5
Let s = 5 + -3. Let g(h) = 4*h**3 - 4*h + h**3 + 3*h + s*h + h**2 - 1. Let n be g(2). What is the highest common factor of n and 30?
15
Let u(n) = -4*n**3 - 3*n**2 - 2*n + 1. Let d be u(-3). What is the highest common factor of d and 11?
11
Let f be (8/20)/(1/15). Let t be (f/(-4))/((-6)/8). What is the highest common divisor of 3 and t?
1
Let v(x) = x + 7. Let r be v(-7). Suppose -5*z + 160 = -r. Calculate the greatest common factor of 352 and z.
32
Suppose 0 = 4*x - 3*x - 190. Suppose -2*p + 7 = -4*l - 123, x = 3*p - 5*l. Calculate the greatest common factor of 5 and p.
5
Let d = 34 - 3. Let z = d - 7. Let w be (z/(-10))/(2/(-165)). Calculate the greatest common divisor of w and 18.
18
Let z = 8 + -2. Suppose 2 + z = q. Suppose -3*c = -5*l + 40, -5*l + c + 3*c + 40 = 0. What is the highest common factor of l and q?
8
Let n = 21 - 1. Suppose z = -3*z + 720. What is the highest common factor of z and n?
20
Suppose 0 = s - 3*s + 80. What is the highest common factor of s and 5?
5
Let u = -4 + 6. Suppose u*x = 3*x - 12. Let t = -223 - -319. What is the greatest common factor of t and x?
12
Let i(u) = u**2 + 11*u + 5. Let g be -9 + 4/(-1 + 3). Let k be i(g). Let d = 34 + k. Calculate the highest common divisor of 99 and d.
11
Let t be 158/6 + (-16)/(-24). Calculate the highest common factor of t and 18.
9
Let z = 40 + -24. Let n = z - 11. Calculate the greatest common divisor of 15 and n.
5
Let f = 41 + -122. Let m be f*3*2/(-3). Let c = 17 + 1. What is the greatest common factor of c and m?
18
Let f be 2/(((-3)/24)/(-1)). Let k = f + -4. Calculate the greatest common factor of k and 6.
6
Suppose -5*u + 3*u + 162 = 0. What is the highest common divisor of 9 and u?
9
Let f(a) = -a**2 + a + 5. Let h be f(4). Let p(b) = -3*b - 10. Let z be p(h). Suppose -3*x + 4 = 1. Calculate the greatest common divisor of x and z.
1
Suppose -7 = -5*z + 3. Suppose 3*g 